{"id":2652,"date":"2023-04-26T11:56:49","date_gmt":"2023-04-26T11:56:49","guid":{"rendered":"http:\/\/www.gemcat.eu\/?page_id=2652"},"modified":"2023-04-27T18:59:38","modified_gmt":"2023-04-27T18:59:38","slug":"socios_capitaliza","status":"publish","type":"page","link":"https:\/\/www.gemcat.eu\/gal\/socios_capitaliza\/","title":{"rendered":"Socios_Capitaliza"},"content":{"rendered":"<section class=\"wpb-content-wrapper\"><p>[vc_row css_animation=&#8221;&#8221; row_type=&#8221;row&#8221; use_row_as_full_screen_section=&#8221;no&#8221; type=&#8221;full_width&#8221; angled_section=&#8221;no&#8221; text_align=&#8221;center&#8221; background_image_as_pattern=&#8221;without_pattern&#8221; z_index=&#8221;&#8221;][vc_column offset=&#8221;vc_hidden-xs&#8221;][vc_empty_space height=&#8221;142px&#8221;][\/vc_column][\/vc_row][vc_row css_animation=&#8221;&#8221; row_type=&#8221;row&#8221; use_row_as_full_screen_section=&#8221;no&#8221; type=&#8221;full_width&#8221; angled_section=&#8221;no&#8221; text_align=&#8221;center&#8221; background_image_as_pattern=&#8221;without_pattern&#8221; z_index=&#8221;&#8221; css=&#8221;.vc_custom_1682505406330{background-color: #e7185b !important;}&#8221; el_class=&#8221;titulo_flecha&#8221;][vc_column][vc_row_inner row_type=&#8221;row&#8221; type=&#8221;full_width&#8221; text_align=&#8221;center&#8221; css_animation=&#8221;&#8221; animation_in_type=&#8221;transition.fadeIn&#8221; animation_in_offset=&#8221;100&#8243; animation_in_duration=&#8221;200&#8243; animation_in_delay=&#8221;0&#8243;][vc_column_inner]<div id=\"mpc_textblock-9469e313cf69533\" class=\"mpc-textblock mpc-init \"><p><strong>Socios<\/strong><\/p>\n<\/div>[\/vc_column_inner][\/vc_row_inner][\/vc_column][\/vc_row][vc_row css_animation=&#8221;&#8221; row_type=&#8221;row&#8221; use_row_as_full_screen_section=&#8221;no&#8221; type=&#8221;full_width&#8221; angled_section=&#8221;no&#8221; text_align=&#8221;center&#8221; background_image_as_pattern=&#8221;without_pattern&#8221; z_index=&#8221;&#8221;][vc_column][vc_row_inner row_type=&#8221;row&#8221; type=&#8221;full_width&#8221; text_align=&#8221;center&#8221; css_animation=&#8221;&#8221; animation_in_type=&#8221;transition.fadeIn&#8221; animation_in_offset=&#8221;100&#8243; animation_in_duration=&#8221;200&#8243; animation_in_delay=&#8221;0&#8243; css=&#8221;.vc_custom_1682496952523{background-image: url(http:\/\/www.gemcat.eu\/wp-content\/uploads\/2023\/04\/fondo.jpg?id=2619) !important;background-position: center !important;background-repeat: no-repeat !important;background-size: cover !important;}&#8221;][vc_column_inner][vc_empty_space height=&#8221;300&#8243;][\/vc_column_inner][\/vc_row_inner][\/vc_column][\/vc_row][vc_row css_animation=&#8221;&#8221; row_type=&#8221;row&#8221; use_row_as_full_screen_section=&#8221;no&#8221; type=&#8221;grid&#8221; angled_section=&#8221;no&#8221; text_align=&#8221;center&#8221; background_image_as_pattern=&#8221;without_pattern&#8221; z_index=&#8221;&#8221; css=&#8221;.vc_custom_1538082202735{padding-top: 40px !important;padding-bottom: 40px !important;background-color: #f5f5f5 !important;background-position: center !important;background-repeat: no-repeat !important;background-size: cover !important;}&#8221;][vc_column][vc_row_inner row_type=&#8221;row&#8221; type=&#8221;grid&#8221; text_align=&#8221;center&#8221; css_animation=&#8221;&#8221; animation_in_type=&#8221;transition.fadeIn&#8221; animation_in_offset=&#8221;100&#8243; animation_in_duration=&#8221;200&#8243; animation_in_delay=&#8221;0&#8243;][vc_column_inner]<div id=\"mpc_textblock-3469e313cf6967d\" class=\"mpc-textblock mpc-init cookies\"><p>Gemcat Capitaliza \u00e9 posible grazas ao traballo axuntado das seguintes instituci\u00f3ns de Galicia e o Norte de Portugal<\/p>\n<\/div>[\/vc_column_inner][\/vc_row_inner][\/vc_column][\/vc_row][vc_row css_animation=&#8221;&#8221; row_type=&#8221;row&#8221; use_row_as_full_screen_section=&#8221;no&#8221; type=&#8221;full_width&#8221; angled_section=&#8221;no&#8221; text_align=&#8221;left&#8221; background_image_as_pattern=&#8221;without_pattern&#8221; css=&#8221;.vc_custom_1506163600443{background-color: #ffffff !important;}&#8221;][vc_column][vc_row_inner row_type=&#8221;row&#8221; type=&#8221;grid&#8221; text_align=&#8221;left&#8221; css_animation=&#8221;&#8221; css=&#8221;.vc_custom_1682512245656{padding-top: 50px !important;padding-bottom: 50px !important;}&#8221;][vc_column_inner width=&#8221;1\/3&#8243;]<div data-id=\"mpc_image-6769e313cf69bee\" onclick=\"\" class=\"mpc-image mpc-init mpc-effect--saturate mpc-effect--reverse \" ><a href=\"https:\/\/www.xunta.gal\/portada\" target=\"_blank\" title=\"\"  class=\"mpc-item mpc-transition\"><img loading=\"lazy\" decoding=\"async\" class=\"mpc-transition \" src=\"https:\/\/www.gemcat.eu\/wp-content\/uploads\/2023\/04\/xunta.svg\" width=\"1\" height=\"1\" alt=\"xunta\" title=\"xunta\" \/><\/a><\/div>[\/vc_column_inner][vc_column_inner width=&#8221;2\/3&#8243;]<div id=\"mpc_textblock-4969e313cf69c97\" class=\"mpc-textblock mpc-init \"><p><strong><a href=\"https:\/\/www.xunta.gal\/portada\">Xunta de Galicia &#8211; Conseller\u00eda de Emprego e Igualdade Direcci\u00f3n Xeral de Relaci\u00f3ns Laborais<\/a><\/strong><\/p>\n<\/div>[vc_separator type=&#8221;small&#8221; position=&#8221;left&#8221; color=&#8221;#e7185b&#8221; thickness=&#8221;2&#8243; width=&#8221;100&#8243; up=&#8221;15&#8243; down=&#8221;15&#8243;]<div id=\"mpc_icon_list-9569e313cf69d2b\" class=\"mpc-icon-list mpc-init mpc-icon--left \"><ul class=\"mpc-list__ul\"><li class=\"mpc-list__item mpc-parent-hover mpc-transition\" data-index=\"0\"><div class=\"mpc-list__icon\"><div data-id=\"mpc_icon-8769e313cf69d5a\" class=\"mpc-icon mpc-init mpc-transition mpc-effect-slide-left mpc-icon-hover \"><div class=\"mpc-icon-wrap\"><i class=\"mpc-icon-part mpc-regular mpc-transition  typcn typcn-home-outline\"><\/i><i class=\"mpc-icon-part mpc-hover mpc-transition  typcn typcn-home-outline\"><\/i><\/div><\/div><\/div><span class=\"mpc-list__title\"><a href=\"https:\/\/www.xunta.gal\/portada\">www.xunta.gal<\/a><\/span><\/li><\/ul><\/div>[\/vc_column_inner][\/vc_row_inner][vc_row_inner row_type=&#8221;row&#8221; type=&#8221;grid&#8221; text_align=&#8221;left&#8221; css_animation=&#8221;&#8221; css=&#8221;.vc_custom_1682513120787{padding-top: 50px !important;padding-bottom: 50px !important;background-color: #f5f5f5 !important;}&#8221;][vc_column_inner width=&#8221;1\/3&#8243;]<div data-id=\"mpc_image-8669e313cf6a21e\" onclick=\"\" class=\"mpc-image mpc-init mpc-effect--saturate mpc-effect--reverse \" ><a href=\"https:\/\/www.cm-braga.pt\/\" target=\"_blank\" title=\"\"  class=\"mpc-item mpc-transition\"><img loading=\"lazy\" decoding=\"async\" class=\"mpc-transition \" src=\"https:\/\/www.gemcat.eu\/wp-content\/uploads\/2023\/04\/braga-245x70.png\" width=\"245\" height=\"70\" alt=\"braga\" title=\"braga\" \/><\/a><\/div>[\/vc_column_inner][vc_column_inner width=&#8221;2\/3&#8243;]<div id=\"mpc_textblock-2869e313cf6a2bb\" class=\"mpc-textblock mpc-init \"><p><strong><a href=\"https:\/\/www.cm-braga.pt\/\">C\u00e2mara Municipal de Braga<\/a><\/strong><\/p>\n<\/div>[vc_separator type=&#8221;small&#8221; position=&#8221;left&#8221; color=&#8221;#e7185b&#8221; thickness=&#8221;2&#8243; width=&#8221;100&#8243; up=&#8221;15&#8243; down=&#8221;15&#8243;]<div id=\"mpc_icon_list-9269e313cf6a35d\" class=\"mpc-icon-list mpc-init mpc-icon--left \"><ul class=\"mpc-list__ul\"><li class=\"mpc-list__item mpc-parent-hover mpc-transition\" data-index=\"0\"><div class=\"mpc-list__icon\"><div data-id=\"mpc_icon-3369e313cf6a38f\" class=\"mpc-icon mpc-init mpc-transition mpc-effect-slide-left mpc-icon-hover \"><div class=\"mpc-icon-wrap\"><i class=\"mpc-icon-part mpc-regular mpc-transition  typcn typcn-home-outline\"><\/i><i class=\"mpc-icon-part mpc-hover mpc-transition  typcn typcn-home-outline\"><\/i><\/div><\/div><\/div><span class=\"mpc-list__title\"><a href=\"https:\/\/www.cm-braga.pt\/\">www.cm-braga.pt<\/a><\/span><\/li><\/ul><\/div>[\/vc_column_inner][\/vc_row_inner][vc_row_inner row_type=&#8221;row&#8221; type=&#8221;grid&#8221; text_align=&#8221;left&#8221; css_animation=&#8221;&#8221; css=&#8221;.vc_custom_1682512234021{padding-top: 50px !important;padding-bottom: 50px !important;}&#8221;][vc_column_inner width=&#8221;1\/3&#8243;]<div data-id=\"mpc_image-3869e313cf6a7ed\" onclick=\"\" class=\"mpc-image mpc-init mpc-effect--saturate mpc-effect--reverse \" ><a href=\"https:\/\/www.up.pt\/\" target=\"_blank\" title=\"\"  class=\"mpc-item mpc-transition\"><img loading=\"lazy\" decoding=\"async\" class=\"mpc-transition \" src=\"https:\/\/www.gemcat.eu\/wp-content\/uploads\/2023\/04\/uporto.svg\" width=\"1\" height=\"1\" alt=\"uporto\" title=\"uporto\" \/><\/a><\/div>[\/vc_column_inner][vc_column_inner width=&#8221;2\/3&#8243;]<div id=\"mpc_textblock-7369e313cf6a879\" class=\"mpc-textblock mpc-init \"><p><strong><a href=\"https:\/\/www.up.pt\/\">Universidade do Porto<\/a><\/strong><\/p>\n<\/div>[vc_separator type=&#8221;small&#8221; position=&#8221;left&#8221; color=&#8221;#e7185b&#8221; thickness=&#8221;2&#8243; width=&#8221;100&#8243; up=&#8221;15&#8243; down=&#8221;15&#8243;]<div id=\"mpc_icon_list-7069e313cf6a91d\" class=\"mpc-icon-list mpc-init mpc-icon--left \"><ul class=\"mpc-list__ul\"><li class=\"mpc-list__item mpc-parent-hover mpc-transition\" data-index=\"0\"><div class=\"mpc-list__icon\"><div data-id=\"mpc_icon-4369e313cf6a94f\" class=\"mpc-icon mpc-init mpc-transition mpc-effect-slide-left mpc-icon-hover \"><div class=\"mpc-icon-wrap\"><i class=\"mpc-icon-part mpc-regular mpc-transition  typcn typcn-home-outline\"><\/i><i class=\"mpc-icon-part mpc-hover mpc-transition  typcn typcn-home-outline\"><\/i><\/div><\/div><\/div><span class=\"mpc-list__title\"><a href=\"https:\/\/www.up.pt\/\">www.up.pt<\/a><\/span><\/li><\/ul><\/div>[\/vc_column_inner][\/vc_row_inner][vc_empty_space height=&#8221;30px&#8221;][\/vc_column][\/vc_row]<\/p>\n<\/section>","protected":false},"excerpt":{"rendered":"<p>[vc_row css_animation=&#8221;&#8221; row_type=&#8221;row&#8221; use_row_as_full_screen_section=&#8221;no&#8221; type=&#8221;full_width&#8221; angled_section=&#8221;no&#8221; text_align=&#8221;center&#8221; background_image_as_pattern=&#8221;without_pattern&#8221; z_index=&#8221;&#8221;][vc_column offset=&#8221;vc_hidden-xs&#8221;][vc_empty_space height=&#8221;142px&#8221;][\/vc_column][\/vc_row][vc_row css_animation=&#8221;&#8221; row_type=&#8221;row&#8221; use_row_as_full_screen_section=&#8221;no&#8221; type=&#8221;full_width&#8221; angled_section=&#8221;no&#8221; text_align=&#8221;center&#8221; background_image_as_pattern=&#8221;without_pattern&#8221; z_index=&#8221;&#8221; css=&#8221;.vc_custom_1682505406330{background-color: #e7185b !important;}&#8221; el_class=&#8221;titulo_flecha&#8221;][vc_column][vc_row_inner row_type=&#8221;row&#8221; type=&#8221;full_width&#8221; text_align=&#8221;center&#8221; css_animation=&#8221;&#8221; animation_in_type=&#8221;transition.fadeIn&#8221; animation_in_offset=&#8221;100&#8243; animation_in_duration=&#8221;200&#8243; animation_in_delay=&#8221;0&#8243;][vc_column_inner][\/vc_column_inner][\/vc_row_inner][\/vc_column][\/vc_row][vc_row css_animation=&#8221;&#8221; row_type=&#8221;row&#8221; use_row_as_full_screen_section=&#8221;no&#8221; type=&#8221;full_width&#8221; angled_section=&#8221;no&#8221; text_align=&#8221;center&#8221; background_image_as_pattern=&#8221;without_pattern&#8221; z_index=&#8221;&#8221;][vc_column][vc_row_inner row_type=&#8221;row&#8221; type=&#8221;full_width&#8221; text_align=&#8221;center&#8221; css_animation=&#8221;&#8221; animation_in_type=&#8221;transition.fadeIn&#8221; animation_in_offset=&#8221;100&#8243;<\/p>\n","protected":false},"author":1,"featured_media":0,"parent":0,"menu_order":0,"comment_status":"closed","ping_status":"closed","template":"full_width.php","meta":{"inline_featured_image":false,"footnotes":""},"class_list":["post-2652","page","type-page","status-publish","hentry"],"_links":{"self":[{"href":"https:\/\/www.gemcat.eu\/gal\/wp-json\/wp\/v2\/pages\/2652","targetHints":{"allow":["GET"]}}],"collection":[{"href":"https:\/\/www.gemcat.eu\/gal\/wp-json\/wp\/v2\/pages"}],"about":[{"href":"https:\/\/www.gemcat.eu\/gal\/wp-json\/wp\/v2\/types\/page"}],"author":[{"embeddable":true,"href":"https:\/\/www.gemcat.eu\/gal\/wp-json\/wp\/v2\/users\/1"}],"replies":[{"embeddable":true,"href":"https:\/\/www.gemcat.eu\/gal\/wp-json\/wp\/v2\/comments?post=2652"}],"version-history":[{"count":6,"href":"https:\/\/www.gemcat.eu\/gal\/wp-json\/wp\/v2\/pages\/2652\/revisions"}],"predecessor-version":[{"id":2780,"href":"https:\/\/www.gemcat.eu\/gal\/wp-json\/wp\/v2\/pages\/2652\/revisions\/2780"}],"wp:attachment":[{"href":"https:\/\/www.gemcat.eu\/gal\/wp-json\/wp\/v2\/media?parent=2652"}],"curies":[{"name":"wp","href":"https:\/\/api.w.org\/{rel}","templated":true}]}}