{"id":2705,"date":"2023-04-26T14:34:59","date_gmt":"2023-04-26T14:34:59","guid":{"rendered":"http:\/\/www.gemcat.eu\/actividades-capitaliza\/"},"modified":"2023-04-27T18:59:49","modified_gmt":"2023-04-27T18:59:49","slug":"actividades-capitaliza","status":"publish","type":"page","link":"https:\/\/www.gemcat.eu\/gal\/actividades-capitaliza\/","title":{"rendered":"Actividades Capitaliza"},"content":{"rendered":"<section class=\"wpb-content-wrapper\"><p>[vc_row css_animation=&#8221;&#8221; row_type=&#8221;row&#8221; use_row_as_full_screen_section=&#8221;no&#8221; type=&#8221;full_width&#8221; angled_section=&#8221;no&#8221; text_align=&#8221;center&#8221; background_image_as_pattern=&#8221;without_pattern&#8221; z_index=&#8221;&#8221;][vc_column offset=&#8221;vc_hidden-xs&#8221;][vc_empty_space height=&#8221;142px&#8221;][\/vc_column][\/vc_row][vc_row css_animation=&#8221;&#8221; row_type=&#8221;row&#8221; use_row_as_full_screen_section=&#8221;no&#8221; type=&#8221;full_width&#8221; angled_section=&#8221;no&#8221; text_align=&#8221;center&#8221; background_image_as_pattern=&#8221;without_pattern&#8221; z_index=&#8221;&#8221; css=&#8221;.vc_custom_1682505406330{background-color: #e7185b !important;}&#8221; el_class=&#8221;titulo_flecha&#8221;][vc_column][vc_row_inner row_type=&#8221;row&#8221; type=&#8221;full_width&#8221; text_align=&#8221;center&#8221; css_animation=&#8221;&#8221; animation_in_type=&#8221;transition.fadeIn&#8221; animation_in_offset=&#8221;100&#8243; animation_in_duration=&#8221;200&#8243; animation_in_delay=&#8221;0&#8243;][vc_column_inner]<div id=\"mpc_textblock-8769e311c10f625\" class=\"mpc-textblock mpc-init \"><p><strong>Actividades<\/strong><\/p>\n<\/div>[\/vc_column_inner][\/vc_row_inner][\/vc_column][\/vc_row][vc_row css_animation=&#8221;&#8221; row_type=&#8221;row&#8221; use_row_as_full_screen_section=&#8221;no&#8221; type=&#8221;full_width&#8221; angled_section=&#8221;no&#8221; text_align=&#8221;center&#8221; background_image_as_pattern=&#8221;without_pattern&#8221; z_index=&#8221;&#8221;][vc_column][vc_row_inner row_type=&#8221;row&#8221; type=&#8221;full_width&#8221; text_align=&#8221;center&#8221; css_animation=&#8221;&#8221; animation_in_type=&#8221;transition.fadeIn&#8221; animation_in_offset=&#8221;100&#8243; animation_in_duration=&#8221;200&#8243; animation_in_delay=&#8221;0&#8243; css=&#8221;.vc_custom_1682496952523{background-image: url(http:\/\/www.gemcat.eu\/wp-content\/uploads\/2023\/04\/fondo.jpg?id=2619) !important;background-position: center !important;background-repeat: no-repeat !important;background-size: cover !important;}&#8221;][vc_column_inner][vc_empty_space height=&#8221;300&#8243;][\/vc_column_inner][\/vc_row_inner][\/vc_column][\/vc_row][vc_row css_animation=&#8221;&#8221; row_type=&#8221;row&#8221; use_row_as_full_screen_section=&#8221;no&#8221; type=&#8221;full_width&#8221; angled_section=&#8221;no&#8221; text_align=&#8221;center&#8221; background_image_as_pattern=&#8221;without_pattern&#8221; z_index=&#8221;&#8221; css=&#8221;.vc_custom_1682520275969{padding-top: 70px !important;background-color: #ffffff !important;background-position: center !important;background-repeat: no-repeat !important;background-size: cover !important;}&#8221; el_class=&#8221;proyecto&#8221;][vc_column][vc_row_inner row_type=&#8221;row&#8221; type=&#8221;grid&#8221; text_align=&#8221;center&#8221; css_animation=&#8221;&#8221; animation_in_type=&#8221;transition.fadeIn&#8221; animation_in_offset=&#8221;100&#8243; animation_in_duration=&#8221;200&#8243; animation_in_delay=&#8221;0&#8243;][vc_column_inner]<div id=\"mpc_textblock-7769e311c10f71b\" class=\"mpc-textblock mpc-init \"><h1><strong>A1 ACTIVIDADE T\u00c9CNICA DE CAPITALIZACI\u00d3N. <\/strong><\/h1>\n<\/div><div id=\"mpc_textblock-5969e311c10f7c8\" class=\"mpc-textblock mpc-init \"><h1><strong>Potenciaci\u00f3n da incorporaci\u00f3n de medidas de igualdade laboral e RSE nas empresas<\/strong><\/h1>\n<\/div><div id=\"mpc_textblock-7669e311c10f854\" class=\"mpc-textblock mpc-init cookies\"><p class=\"Default\">O obxectivo desta actividade \u00e9, por unha banda, capitalizar os resultados obtidos da acci\u00f3n de \u201cCompromiso social por un emprego de calidade e sostible\u201d desenvolvida en GEMCAT, continuando o principio de formaci\u00f3n e informaci\u00f3n con foco na igualdade laboral e medidas RSE. Doutra banda, pret\u00e9ndese testar os recursos creados en GEMCAT_Capitaliza destinados a transferir e compartir co\u00f1ecemento en materia de RSE+I cara \u00e1s empresas, de modo que devanditos recursos sirvan para fundamentar o desenvolvemento de novas soluci\u00f3ns conxuntas ampliadas.<\/p>\n<\/div>[vc_empty_space height=&#8221;35&#8243;][\/vc_column_inner][\/vc_row_inner][vc_row_inner row_type=&#8221;row&#8221; type=&#8221;grid&#8221; text_align=&#8221;center&#8221; css_animation=&#8221;&#8221; animation_in_type=&#8221;transition.fadeIn&#8221; animation_in_offset=&#8221;100&#8243; animation_in_duration=&#8221;200&#8243; animation_in_delay=&#8221;0&#8243; css=&#8221;.vc_custom_1682506206912{background-color: #f5f5f5 !important;}&#8221;][vc_column_inner]<div id=\"mpc_textblock-969e311c10f91a\" class=\"mpc-textblock mpc-init equ_width_uno\"><h3 style=\"margin: 0; background: #e7185b; padding: 15px 25px; display: inline-block;\"><span style=\"color: #ffffff;\"><strong>ACCI\u00d3N 1<\/strong><\/span><\/h3>\n<\/div><div id=\"mpc_textblock-1569e311c10f9c7\" class=\"mpc-textblock mpc-init \"><h1><strong>Creaci\u00f3n dun espazo virtual transfronteirizo piloto de co\u00f1ecemento en RSE +I <\/strong><\/h1>\n<\/div><div id=\"mpc_textblock-4769e311c10fa41\" class=\"mpc-textblock mpc-init cookies\"><div id=\"mpc_textblock-575bb23bc058f51\" class=\"mpc-textblock titulos mpc-inited\">\n<p>Esta acci\u00f3n capitaliza directamente a experiencia obtida do programa de mentorizaci\u00f3n para Pemes e do ciclo de webinars en materia de RSE desenvolvidos no marco da acci\u00f3n \u201cCompromiso Social por un emprego de calidade\u201d de GEMCAT. Consiste o proporcionar un <strong>espazo formativo en li\u00f1a<\/strong> baseado nunha plataforma de teleformaci\u00f3n, que, a modo de proxecto piloto, dispo\u00f1a de funcionalidades innovadoras para facilitar a experiencia de aprendizaxe por parte das persoas traballadoras en pemes a ambos os dous lados da fronteira entre Galicia e o Norte de Portugal.<\/p>\n<p>O espazo virtual transfronteirizo piloto, albergar\u00e1 un cat\u00e1logo variado de acci\u00f3ns formativas gratu\u00edtas, impartidas por docentes expertos en materia de igualdade laboral e RSE, e enmarcadas en diferentes \u00e1mbitos relacionados coa igualdade efectiva entre homes e mulleres como a conciliaci\u00f3n e a corresponsabilidade, o acoso laboral, ou teletraballo etc. Os tres socios do proxecto promover\u00e1n a organizaci\u00f3n destes cursos en li\u00f1a.<\/p>\n<\/div>\n<\/div>[vc_empty_space height=&#8221;35&#8243;][\/vc_column_inner][\/vc_row_inner][vc_row_inner row_type=&#8221;row&#8221; type=&#8221;grid&#8221; text_align=&#8221;center&#8221; css_animation=&#8221;&#8221; animation_in_type=&#8221;transition.fadeIn&#8221; animation_in_offset=&#8221;100&#8243; animation_in_duration=&#8221;200&#8243; animation_in_delay=&#8221;0&#8243;][vc_column_inner]<div id=\"mpc_textblock-6169e311c10fac8\" class=\"mpc-textblock mpc-init equ_width_uno\"><h3 style=\"margin: 0; background: #e7185b; padding: 15px 25px; display: inline-block;\"><span style=\"color: #ffffff;\"><strong>ACCI\u00d3N 2<\/strong><\/span><\/h3>\n<\/div><div id=\"mpc_textblock-1969e311c10fb41\" class=\"mpc-textblock mpc-init \"><h1><strong>Organizaci\u00f3n de c\u00edrculos de traballo con empresas para identificar melloras na promoci\u00f3n de RSE +I <\/strong><\/h1>\n<\/div><div id=\"mpc_textblock-3169e311c10fbad\" class=\"mpc-textblock mpc-init cookies\"><p>Organizaci\u00f3n de <strong>4 c\u00edrculos de traballo<\/strong> entre representantes das entidades socias do proxecto e empresas de calquera sector econ\u00f3mico, fundamentalmente pemes, para obter informaci\u00f3n relativa \u00e1s dificultades que sup\u00f3n para elas implantar iniciativas de responsabilidade social empresarial e, concretamente, de igualdade laboral, as\u00ed como para identificar melloras nas pol\u00edticas p\u00fablicas de promoci\u00f3n da igualdade laboral e RSE.<\/p>\n<\/div>[vc_empty_space height=&#8221;35&#8243;][\/vc_column_inner][\/vc_row_inner][vc_row_inner row_type=&#8221;row&#8221; type=&#8221;grid&#8221; text_align=&#8221;center&#8221; css_animation=&#8221;&#8221; animation_in_type=&#8221;transition.fadeIn&#8221; animation_in_offset=&#8221;100&#8243; animation_in_duration=&#8221;200&#8243; animation_in_delay=&#8221;0&#8243; css=&#8221;.vc_custom_1682506220188{background-color: #f5f5f5 !important;}&#8221;][vc_column_inner]<div id=\"mpc_textblock-10069e311c10fc1b\" class=\"mpc-textblock mpc-init equ_width_uno\"><h3 style=\"margin: 0; background: #e7185b; padding: 15px 25px; display: inline-block;\"><span style=\"color: #ffffff;\"><strong>ACCI\u00d3N 3<\/strong><\/span><\/h3>\n<\/div><div id=\"mpc_textblock-3969e311c10fc8b\" class=\"mpc-textblock mpc-init \"><h1><strong>Celebraci\u00f3n de foros transfronteirizos en materia de RSE +I <\/strong><\/h1>\n<\/div><div id=\"mpc_textblock-3769e311c10fd38\" class=\"mpc-textblock mpc-init cookies\"><div id=\"mpc_textblock-575bb23bc058f51\" class=\"mpc-textblock titulos mpc-inited\">\n<p>Celebraci\u00f3n de <strong>3 foros<\/strong> transfronteirizos abertos a empresas de todos os sectores econ\u00f3micos, introducindo en cada un deles, segundo onde se celebren, \u00e9nfase nos sectores que durante o desenvolvemento de GEMCAT foron considerados estrat\u00e9xicos para as rexi\u00f3ns socias (industria 4.0, automoci\u00f3n, t\u00e9xtil e agroalimentario). Os foros ser\u00e1n o marco para a posta en valor dos diferentes co\u00f1ecementos, experiencias, boas pr\u00e1cticas etc., sobre unha materia como \u00e9 a Igualdade laboral no marco da Responsabilidade Social Empresarial. Buscarase extraer unha visi\u00f3n te\u00f3rica a partir das experiencias compartidas en senllos foros, que se plasmar\u00e1 nun documento de conclusi\u00f3ns que sirva para atraer o interese de novas entidades doutras rexi\u00f3ns do espazo de cooperaci\u00f3n POCTEP de fronte ao desenvolvemento do Campus de Igualdade Laboral Ib\u00e9rico.<\/p>\n<\/div>\n<\/div>[vc_empty_space height=&#8221;70&#8243;][\/vc_column_inner][\/vc_row_inner][\/vc_column][\/vc_row][vc_row css_animation=&#8221;&#8221; row_type=&#8221;row&#8221; use_row_as_full_screen_section=&#8221;no&#8221; type=&#8221;grid&#8221; angled_section=&#8221;no&#8221; text_align=&#8221;center&#8221; background_image_as_pattern=&#8221;without_pattern&#8221; background_color=&#8221;#003764&#8243; z_index=&#8221;&#8221; css=&#8221;.vc_custom_1682499565870{background-color: #e7185b !important;}&#8221;][vc_column][vc_row_inner row_type=&#8221;row&#8221; type=&#8221;grid&#8221; text_align=&#8221;center&#8221; css_animation=&#8221;&#8221; css=&#8221;.vc_custom_1540976446362{background-position: center !important;background-repeat: no-repeat !important;background-size: cover !important;}&#8221; el_class=&#8221;footer_custom&#8221;][vc_column_inner][vc_empty_space height=&#8221;15&#8243;][\/vc_column_inner][\/vc_row_inner][\/vc_column][\/vc_row]<\/p>\n<\/section>","protected":false},"excerpt":{"rendered":"<p>[vc_row css_animation=&#8221;&#8221; row_type=&#8221;row&#8221; use_row_as_full_screen_section=&#8221;no&#8221; type=&#8221;full_width&#8221; angled_section=&#8221;no&#8221; text_align=&#8221;center&#8221; background_image_as_pattern=&#8221;without_pattern&#8221; z_index=&#8221;&#8221;][vc_column offset=&#8221;vc_hidden-xs&#8221;][vc_empty_space height=&#8221;142px&#8221;][\/vc_column][\/vc_row][vc_row css_animation=&#8221;&#8221; row_type=&#8221;row&#8221; use_row_as_full_screen_section=&#8221;no&#8221; type=&#8221;full_width&#8221; angled_section=&#8221;no&#8221; text_align=&#8221;center&#8221; background_image_as_pattern=&#8221;without_pattern&#8221; z_index=&#8221;&#8221; css=&#8221;.vc_custom_1682505406330{background-color: #e7185b !important;}&#8221; el_class=&#8221;titulo_flecha&#8221;][vc_column][vc_row_inner row_type=&#8221;row&#8221; type=&#8221;full_width&#8221; text_align=&#8221;center&#8221; css_animation=&#8221;&#8221; animation_in_type=&#8221;transition.fadeIn&#8221; animation_in_offset=&#8221;100&#8243; animation_in_duration=&#8221;200&#8243; animation_in_delay=&#8221;0&#8243;][vc_column_inner][\/vc_column_inner][\/vc_row_inner][\/vc_column][\/vc_row][vc_row css_animation=&#8221;&#8221; row_type=&#8221;row&#8221; use_row_as_full_screen_section=&#8221;no&#8221; type=&#8221;full_width&#8221; angled_section=&#8221;no&#8221; text_align=&#8221;center&#8221; background_image_as_pattern=&#8221;without_pattern&#8221; z_index=&#8221;&#8221;][vc_column][vc_row_inner row_type=&#8221;row&#8221; type=&#8221;full_width&#8221; text_align=&#8221;center&#8221; css_animation=&#8221;&#8221; animation_in_type=&#8221;transition.fadeIn&#8221; animation_in_offset=&#8221;100&#8243;<\/p>\n","protected":false},"author":1,"featured_media":0,"parent":0,"menu_order":0,"comment_status":"closed","ping_status":"closed","template":"full_width.php","meta":{"inline_featured_image":false,"footnotes":""},"class_list":["post-2705","page","type-page","status-publish","hentry"],"_links":{"self":[{"href":"https:\/\/www.gemcat.eu\/gal\/wp-json\/wp\/v2\/pages\/2705","targetHints":{"allow":["GET"]}}],"collection":[{"href":"https:\/\/www.gemcat.eu\/gal\/wp-json\/wp\/v2\/pages"}],"about":[{"href":"https:\/\/www.gemcat.eu\/gal\/wp-json\/wp\/v2\/types\/page"}],"author":[{"embeddable":true,"href":"https:\/\/www.gemcat.eu\/gal\/wp-json\/wp\/v2\/users\/1"}],"replies":[{"embeddable":true,"href":"https:\/\/www.gemcat.eu\/gal\/wp-json\/wp\/v2\/comments?post=2705"}],"version-history":[{"count":2,"href":"https:\/\/www.gemcat.eu\/gal\/wp-json\/wp\/v2\/pages\/2705\/revisions"}],"predecessor-version":[{"id":2781,"href":"https:\/\/www.gemcat.eu\/gal\/wp-json\/wp\/v2\/pages\/2705\/revisions\/2781"}],"wp:attachment":[{"href":"https:\/\/www.gemcat.eu\/gal\/wp-json\/wp\/v2\/media?parent=2705"}],"curies":[{"name":"wp","href":"https:\/\/api.w.org\/{rel}","templated":true}]}}